). Suppose 5*o + h*z - 12*z - 50 = 0, -4*o = z - 50. Calculate r(o).
-1
Suppose -5*m = -v - 14, 19 = 4*v + 7*m - 2*m. Let c be v*4*4/8*2. Let d(j) = 4*j - 5 - 13 + 17 - c. Calculate d(5).
15
Let c(t) = 5*t - 2. Suppose -3*b = d + d + 12, -3*d = -5*b - 20. Suppose -6*k = -41*k + 245. Let a be 1 + d + 7/k. Calculate c(a).
8
Let h(j) = 3*j - 9. Let q be h(5). Let w be (-2 - 4)*-1 - (-2 - -3). Let r(a) = 2 + 4 - 7*a + 3 + 316*a**3 - w*a**2 - 315*a**3. Calculate r(q).
3
Suppose -12 = -5*i + 3*g, 11*i + 2*g = 9*i - 8. Let m(a) = -a**3 + a**2 - 2*a + 16. Determine m(i).
16
Suppose 3*m = 3*l + 17 - 8, -4*m = -5*l - 10. Let j(o) = -13 + o**3 + 10 + l - 2*o + 2*o**2 + o**2. Determine j(-4).
-9
Let t(u) = -13*u**2 + 7*u - 9. Let n(c) = 7*c**2 - 3*c + 4. Let w(v) = 11*n(v) + 6*t(v). Suppose -4*j + 16*q + 36 = 14*q, 0 = 5*j - 4*q - 54. Determine w(j).
8
Let z(t) = 30 + 6*t + 24 + t - t**2 + 33 - 72. Give z(7).
15
Let z(d) be the second derivative of d**4/6 - 5*d**3/6 - d**2/2 - 214*d - 28. Let u be (-3)/(-2)*(-20)/(-6). Give z(u).
24
Suppose 5*j - 7*j = -4*v + 14, 5*j + 4*v = 7. Let u(i) = i - 4. Give u(j).
-5
Let f be (-5)/1*-1 - 0. Let x be (4/(-54)*-6)/(2/9). Let k(q) = -158 - 160 + 322 + x*q. Determine k(f).
14
Let q(g) be the second derivative of -g**4/4 - 5*g**3/2 - 2*g**2 - 9475*g. What is q(-6)?
-22
Suppose c - 31 = -3*o, -4*o - 5*c - 25 = -70. Let q(a) be the second derivative of -a**4/12 + 7*a**3/6 - 5*a**2/2 + 82*a. Calculate q(o).
-35
Let l(j) = -8*j**2 + j + 44. Let x(d) = 23*d**2 - 4*d - 124. Let w(i) = -17*l(i) - 6*x(i). Calculate w(7).
-53
Suppose -94*r = -91*r - 24. Let t(p) = 15 - r + 14 - 7*p + 6*p. Calculate t(15).
6
Let m(l) = l**2 - 11*l + 10. Let k(f) = f**2 - 39*f + 44. Let r be k(38). Let j be 2/r - 290/(-30). Determine m(j).
0
Let g(n) = -n**2 - 7*n + 5. Let z(d) = 3*d + 14. Let y be (-594)/(-12) + (-2)/4. Suppose y = -7*u - 0*u. Let j be z(u). Give g(j).
5
Let z = 40179 - 40166. Let t(a) be the third derivative of a**4/24 + 13*a**3/6 + 6*a**2. Calculate t(z).
26
Let a(q) = -14*q - 29 + 8*q - q**2 + 22 - 6*q**2. What is a(-2)?
-23
Let r be -32 - (32 + 1320/(-22)). Let o(m) be the third derivative of -m**4/8 - 4*m**3/3 + 2*m**2. Determine o(r).
4
Let s(l) = 4*l**3 + 5*l**2 - 4*l + 2. Let y(x) = 3 + x**3 + 117*x**2 - 107*x**2 - 9*x + 6*x**3. Let o(z) = 5*s(z) - 3*y(z). Give o(-6).
-5
Let a(l) = -33*l**2 + 2*l + 58. Let n(o) = 8*o**2 - o - 1. Let b(z) = -a(z) - 4*n(z). What is b(6)?
-6
Let r = 728 - 434. Let d = 301 - r. Let n(h) = -h**3 + 8*h**2 - 7*h - 4. Calculate n(d).
-4
Let q(i) = 2*i - 11. Let u(b) = -15*b**3 - 27*b**2 + 3*b + 8. Let l be u(-2). What is q(l)?
17
Let j(f) = -35*f - 36*f + 111*f - 6 - 39*f + 1. Suppose 0 = -4*b + 5*b + 8. Let w be 3/12 + 58/b. Give j(w).
-12
Let a(c) be the second derivative of c**4/12 - 5*c**3/6 - 2*c**2 - c. Let y be a(6). Let q(g) = -2 - g**2 + y*g - 6*g - 3*g. Determine q(-5).
8
Let g(h) = -2*h**2 - 6*h + 7. Suppose -5*p - 16 - 19 = 0. Let l(m) = m**3 + 8*m**2 + 5*m - 19. Let u be l(p). Give g(u).
-13
Let o(q) be the first derivative of -q**4/4 - 5*q**3/3 - 5*q**2/2 + 3*q + 45. Suppose -2*l + 4*a = -12, l + a = -13 + 4. Determine o(l).
7
Let j(c) = -1832*c - 17 + 1826*c - 17. Calculate j(-5).
-4
Let w(k) = 3*k - 2. Let n(y) = -9*y + 9 - 3*y + 10*y - y - 8*y. Let f(m) = n(m) + 3*w(m). Calculate f(2).
-1
Let u(m) = -3*m + 39 + m**2 - 4*m + 44 - 149 + 50. Determine u(7).
-16
Let d = 6 - 4. Suppose -5*t + 5*a + 18 + d = 0, -6 = -3*a. Let p(s) = s + 3. Let l(g) = 1. Let o(q) = t*l(q) - p(q). Calculate o(2).
1
Suppose g - 1 = -4*w, w + 4*g + 17 = 6*w. Suppose z = -3*s + w, -3*s + 3*z - 11 = z. Let f(d) = -9*d - 1. What is f(s)?
8
Let i(n) = -2*n**2 - 1. Let a(x) = 2*x**2 - x + 2. Suppose 2*m - 38 - 12 = 0. Let c = m + -30. Let l(o) = c*a(o) - 4*i(o). Calculate l(4).
-18
Let z(w) = -w - 4. Let b = -349 + 390. Suppose -3 = b*h - 40*h. Determine z(h).
-1
Suppose 5*x + 40 = 10*a - 5*a, -a = x. Let f(c) be the third derivative of c**6/120 + c**5/15 - c**4/6 - c**3/2 + 7*c**2. Determine f(x).
13
Suppose 7 = 15*u - 3 - 20. Let l(m) = -6*m + 5. Determine l(u).
-7
Suppose -1 = -r + 5. Let y(c) = -12 + 0*c + 17 - r + 2*c. Give y(3).
5
Let u = -12983 - -12993. Let d(t) = 2*t**2 - 7*t + 20. Give d(u).
150
Let m(t) = t**3 + 21*t**2 - 127*t + 69. Let x be m(-26). Let f(c) = -5*c - 39. Calculate f(x).
6
Suppose -5*w = -4*w - 3. Let a(d) = -1976*d**3 + 3*d**2 + 3 + 1977*d**3 - 5*d**2. Calculate a(w).
12
Let f(j) be the third derivative of j**4/8 - j**3/3 + 26*j**2. Suppose 3*a = -2*a - 505. Let q = a + 106. Calculate f(q).
13
Suppose 2*q + 6 = -36. Let v be ((-9)/q - 1)/(10/(-35)). Let a = -4 + v. Let i(c) = 6*c - 2. Determine i(a).
-14
Let z(c) = -c**2 + 6*c - 4. Suppose -3*s - 9 = -6*s. Suppose -4*y + 2*w = -w - 13, -y + w + s = 0. Suppose y*k - 3*q = 28, 4*k + 0*k - 32 = 4*q. Calculate z(k).
4
Let o be 28/16 + -1 + 10/8. Let f(z) = -27 - z - 37 + 64 - 12*z**o. Give f(-1).
-11
Let u(g) = 0*g - 13 + 19 - g. Let r(o) = 12*o - o**2 - 13 - 2*o + 9*o. Let q be r(18). Determine u(q).
1
Let n(i) = -i + 10. Let o(x) = -2*x**3 - 78*x**2 - 74*x + 90. Let a = 469 + -507. Let z be o(a). What is n(z)?
-4
Let o = 2 + -1. Suppose -o + 2 = b. Let y(r) = 3*r**3 + 7*r**2 + 3. Let h(x) = x**3 + 3*x**2 + x + 1. Let n(w) = 2*h(w) - y(w). What is n(b)?
-1
Let b(z) be the second derivative of 3*z**5/20 + 5*z**4/4 + z**3/2 + 5*z**2/2 - 473*z + 1. Determine b(-5).
-10
Let a(o) = 7*o**2 - 13*o - 12. Let w(f) = 3*f**2 - 7*f - 6. Let v(q) = -4*a(q) + 9*w(q). Suppose 0 = 195*x + 619 + 941. Calculate v(x).
18
Let o(a) = 4*a**2 - 31*a - 78. Let g(p) = -2*p**2 + 18*p + 43. Let j(w) = 11*g(w) + 6*o(w). What is j(-4)?
-11
Let h(k) be the third derivative of -k**9/60480 + k**8/4032 + k**7/5040 - k**6/120 + 8*k**5/15 - 102*k**2. Let i(n) be the third derivative of h(n). Give i(5).
-1
Let i = 12667 + -12655. Let h(u) = u**2 - u**3 + 14*u - 11 + u**2 + 9*u**2. Determine h(i).
13
Let y be -2 + 153 + (-32)/8. Let n = y + -144. Let t(m) = -m**3 + m**2 + 3*m - 4. Give t(n).
-13
Let c(v) = -7*v - 506. Let b(x) = 6*x + 421. Let h(w) = -6*b(w) - 5*c(w). Let a be 0*(0 - (-1 - -2)). Determine h(a).
4
Let x(m) = 2*m**2 + m + 4. Let i(d) = -6*d + 45. Let z be i(7). Suppose -u + 0*a - 8 = 5*a, 5 = -z*u + 4*a. Calculate x(u).
19
Suppose -5*s + 6*s - 1 = 0. Let v(l) = l - l**2 + s + 5 - l + 8*l. Let m(h) = -434*h + 1311. Let a be m(3). Calculate v(a).
-3
Let h = 2689 + -2693. Let d(j) = -j**2 - 3*j - 9. Determine d(h).
-13
Let i(t) be the third derivative of 25*t**2 - 2*t + 0 + 1/2*t**3 + 1/8*t**4. Calculate i(-2).
-3
Let u(y) = -2*y**2 + 2*y**2 + 2*y**2 + y**2 - 16 - 4*y**2 - 8*y. What is u(-7)?
-9
Let p(j) = -j**3 + 6*j**2 - 5*j. Let n = -210 - -206. Let l(d) = 2*d**2 + 6*d - 3. Let g be l(n). What is p(g)?
0
Let y(c) = -5*c + 13. Let p(z) = 3 - z - 5*z + 5*z. Let l(g) = -9*p(g) + 2*y(g). Calculate l(-3).
2
Let m = -14 + 20. Let y(a) = -8*a**2 - 1. Let r(j) = -47*j**2 - 9*j - 2. Let x(l) = -r(l) + 6*y(l). Give x(m).
14
Suppose 4*s + 4*f = 0, 3*s + 15 = 5*s + 5*f. Let g(t) = -14*t - 10. Let y(z) = 16*z + 11. Let a(u) = s*y(u) - 6*g(u). What is a(-3)?
-7
Let u(y) = y + 6. Let i be (0/(15 - 7))/4. Let w(n) = -2*n. Let k be w(i). What is u(k)?
6
Let n(p) = -p**2 + 13*p - 36. Suppose 153*l = 14*l + 1251. Give n(l).
0
Let b(x) be the first derivative of -x**4/4 + 2*x**3/3 - 3*x**2/2 + 10*x - 1550. Determine b(3).
-8
Let r be (18/8)/(-3) - 11/44. Let g be (-1)/((-3)/((-54)/r)). Let s be ((-8)/g)/((-26)/117). Let k(d) = -3*d**3 + 3*d - 1. What is k(s)?
-19
Let x(v) be the second derivative of v**5/20 + v**4/4 - 20*v**3/3 + 3*v**2 - 48*v - 2. Let d be x(-8). Let i(p) = p**3 - 6*p**2 + 2*p - 1. What is i(d)?
11
Let d(s) = -s**2 - s - 1. Let i(m) = -6*m**2 + 8*m - 11 - 12 - 3*m + 5*m - m. Let n(w) = 5*d(w) - i(w). Determine n(12).
-6
Let s(j) be the second derivative of j**6/360 - j**4/6 + 5*j**3/6 - 2*j. Let m(h) be the second derivative of s(h). Suppose -12*t = 7*t + 76. Determine m(t).
12
Let b = 272 + -268. Let n(w) = -3*w**2 + 2 - 18*w - w + w + b*w**2 + 9*w. What is n(9)?
2
Let j(y) be the third derivative of -13*y**4/24 + 25*y**3/6 - 6*y**2 - 1. Let w(t) = 12*t - 21. Let m(r) = -5*j(r) - 6*w(r). Give m(-2).
15
Let k(i) = -8*i + 139. Let f be k(17). Suppose -j